 z and g?
5
Suppose -2*i + 201 = i + 3*z, z - 130 = -2*i. Let p be (-6)/(-14) + 10368/i. What is the highest common divisor of p and 15?
15
Suppose 0 = -5*y + 5, -2*m - 2*y - 14 = -4*m. Suppose 0 = -m*n + 25 + 143. Calculate the greatest common factor of 3 and n.
3
Suppose 279 - 160 = 7*p. Calculate the highest common factor of 119 and p.
17
Suppose 5*r - 100 + 10 = 0. Let n(j) = -17*j**3 - 7*j**2 - 8*j + 2. Let k be n(-2). Calculate the highest common divisor of k and r.
18
Suppose -41 - 8 = -7*r. Suppose -2*n - v = -r, -7*n = -8*n + 5*v + 9. What is the highest common divisor of 28 and n?
4
Let k be 9/4 + (-10)/40. Suppose -260 = -k*q + q. Let x be -26*(-2)/((-4)/(-5 + 3)). What is the highest common factor of x and q?
26
Let t be (-4)/3*63/(-6). Suppose 5 = -w + 2*w. Suppose -4*q - 179 = -5*q + 5*v, -w*q - 5*v = -745. Calculate the highest common factor of t and q.
14
Suppose -37*k + k + 3456 = 0. Calculate the highest common divisor of 216 and k.
24
Suppose -6*f - 114 = -j - 4*f, -4*j + 4*f = -448. What is the highest common divisor of j and 44?
22
Let x(w) = -w - 1. Let g be x(3). Let f(h) = 3*h + 100. Let c be f(-35). Let d be (8 + c)*g/(-3). What is the greatest common divisor of d and 32?
4
Let a(b) = b**2 - 8*b - 27. Let j be a(-3). What is the greatest common divisor of 252 and j?
6
Let a(q) = -q**2 + q + 6. Let s be a(-5). Let x be s/(-14)*(12 - -2). Let y be (5/2)/5*16. Calculate the highest common divisor of y and x.
8
Let t(m) = 2*m**2 - 3*m. Let o be t(-7). What is the highest common divisor of o and 17?
17
Suppose 0 = -3*d - 32 + 74. Let x(i) = 3*i**2 - 47*i + 181. Let f be x(6). Calculate the greatest common divisor of d and f.
7
Suppose -3*m + 8*m - 20 = 0. Suppose -u + 3*u + m*w + 4 = 0, 4*u - 10 = w. Let h be u*10*(-4)/(-8). What is the greatest common factor of 90 and h?
10
Let z be (-28)/(10/(-9 + -31)). Calculate the highest common factor of 49 and z.
7
Suppose t = -4*p - 13 + 3, 12 = -3*p. Suppose -2*i + 64 = -4*v, i + 5*v - 61 = -15. Let s = i - -24. Calculate the greatest common divisor of t and s.
6
Suppose 3*v - 75 = 3*k, 0*k + 2 = 2*k. Suppose 5*c - 669 = 606. Suppose -73 = m - c. What is the highest common factor of m and v?
26
Suppose 97*m - 108*m + 1452 = 0. What is the greatest common factor of m and 1408?
44
Suppose a = 2*a - 3*j - 2, 2*j - 6 = -3*a. Suppose -3*r + a*z + 44 = 0, -r + 0*r - 5*z = -43. What is the highest common factor of 36 and r?
18
Suppose 36*j = 28*j + 5328. Calculate the greatest common factor of 18 and j.
18
Let t be -15*((-33)/15 - -3). Let p = t + 30. What is the highest common factor of p and 27?
9
Suppose 5*n + 2*v = v + 48, 5*v = -10. Let w(j) = j**2 + 8*j + 13. Let s be w(-6). Suppose 0 = -2*d + 99 + s. Calculate the highest common factor of d and n.
10
Let x = -4 - -6. Let s be (11/3 + -1)*3 + -2. Suppose -s*d + 44 = -4*d. Calculate the highest common factor of x and d.
2
Let z = -60 + 120. Let u be (-1)/((-8 - -4)/z). Calculate the highest common factor of u and 195.
15
Suppose 3*y = -p + 461, -5*y - 1418 + 2170 = 4*p. Let u(g) = -g**3 + 4*g**2 + g. Let m be u(3). Calculate the highest common factor of y and m.
12
Suppose -3*v + 1808 = -4*b, -11*v - 2*b - 1816 = -14*v. Calculate the greatest common divisor of 57 and v.
19
Let a = -30 - -66. Let v be (9/4)/(-3) - 9/(-12) - -4. What is the greatest common divisor of a and v?
4
Let t(j) = 2*j**3 - 2*j**2 + 7. Let b(d) = -2*d**3 + 2*d**2 - 8. Let l(x) = -4*b(x) - 5*t(x). Let w be l(-2). Calculate the highest common divisor of w and 84.
21
Let k = -62 + 122. Let m = 35 - 39. Let j be 18/m*12/(-18) - -17. Calculate the greatest common divisor of k and j.
20
Suppose -4*n + 80 = n. What is the greatest common factor of 24 and n?
8
Let k(z) = -z**3 + 6*z**2 - 6*z - 4. Let m be k(3). Suppose m*n - 15 = 15. What is the highest common divisor of 12 and n?
6
Let b(o) = 45*o**2 + o - 13. Let a be b(-5). Calculate the highest common factor of 27 and a.
27
Suppose 40 = 5*x - 5*a, 5*x - 35 = -3*a + 37. What is the highest common divisor of x and 78?
6
Let g be (-14)/(-4) - 3 - (-6)/4. Suppose -4*j + 2*j = b - 76, -2*j + 148 = g*b. What is the highest common divisor of b and 6?
6
Let w(d) = d**2 - 4*d - 6. Let h(z) = -z**3 + 13*z**2 + 8. Let u be h(13). Let s be w(u). What is the highest common divisor of 234 and s?
26
Let n be 0/2 + 11 + -8 + 7. Suppose -6 = -a + 44. What is the highest common factor of n and a?
10
Let v = -113 + 51. Let s = v + 93. Calculate the greatest common factor of s and 310.
31
Let o = -59 + 220. Suppose 2 = 2*k - 8, 0 = 3*v + 2*k - 79. Calculate the highest common factor of v and o.
23
Suppose -68*w = -17*w - 1071. What is the highest common factor of w and 91?
7
Let n(p) = p**3 + 8*p**2 + 13*p - 9. Let f be n(-7). Let u be (f/(-5))/((-4)/(-60)). What is the greatest common divisor of u and 9?
9
Let k = 115 + -103. Suppose -3*d = -3*h - 0*d + 165, 3*h = 5*d + 165. Let n = h + -25. Calculate the highest common factor of n and k.
6
Let l(u) = u + 36. Let v be l(-31). Calculate the highest common factor of 135 and v.
5
Let d be (-5)/2*168/(-15). Let o = 47 - d. Let p(f) = 3*f**3 - 2*f**2 - 3*f + 4. Let s be p(4). Calculate the greatest common factor of s and o.
19
Let j(q) = q**3 + 16*q**2 + 6*q - 9. Let u(b) = -9*b + 66. Let p be u(9). Let a be j(p). Calculate the highest common factor of a and 28.
14
Let o(r) = -r**2 + 2*r + 21. Let x be o(4). Let b(z) = z**3 - 4*z**2 - 7*z + 9. Let p be b(6). What is the greatest common divisor of x and p?
13
Let w = 8 + -5. Suppose -2*t + w*t = 2, -t - 5 = -l. Calculate the highest common factor of l and 28.
7
Suppose 544 = 10*f - 146. What is the greatest common divisor of 161 and f?
23
Suppose -3 = -5*g + 4*o, g - 2*g - 5 = 2*o. Let f be (15/(-25))/(g/55). What is the highest common divisor of 3 and f?
3
Suppose -2*w + 146 = 4*d - 0*d, 5*d - w - 165 = 0. What is the greatest common factor of 4 and d?
2
Suppose -m + 72 = 3*m. Let w be (302/14 + -1)/((-20)/(-70)). What is the highest common divisor of w and m?
18
Suppose -120 = -3*h + 111. Let o = 19 - 12. Calculate the highest common divisor of o and h.
7
Let h be (1 + 7/(-5))/((-3)/15). Suppose -3*l + 63 = 4*j - 2*l, 0 = h*j + l - 31. Calculate the highest common divisor of 112 and j.
16
Suppose 51 = 5*h - 19. Suppose 1 = -5*j - h. Let d be j - (-2 + (0 - 2)). Calculate the highest common divisor of d and 7.
1
Suppose -4*s = 4*j - 926 - 614, j = -3*s + 1153. What is the greatest common divisor of 36 and s?
12
Let y(c) = -c**2 + 12*c - 9. Let n be y(11). Suppose n = 5*v - 48. Calculate the highest common divisor of v and 40.
10
Suppose -a + 3 = j, 0*j = 4*j - a + 8. Let o be (j - (-59 + -3)) + 4. What is the highest common divisor of o and 13?
13
Let p(q) = q**2 - 16*q - 45. Let b be p(31). Calculate the highest common factor of 42 and b.
42
Suppose 106 = 4*v - 10. Suppose -8*l = -13*l - 40. Let u(w) = -8*w - 35. Let r be u(l). Calculate the highest common divisor of r and v.
29
Suppose 5*s = -3*y - 946, y + 189 = 4*s + 956. Let b = -125 - s. What is the greatest common factor of 22 and b?
22
Suppose -4*c = -c - 12. Let n = -58 + 64. Calculate the highest common divisor of n and c.
2
Let g(v) = 20*v**2 + 5*v - 8. Let f be g(2). Calculate the greatest common factor of 902 and f.
82
Let r = 62 + -42. Calculate the highest common divisor of r and 640.
20
Suppose -2*r + 5*r = 528. Let c = 11 + -8. Suppose -5*o = 2*n + c*n - 90, -2*o - 28 = -2*n. What is the highest common divisor of r and n?
16
Let q(c) = -11*c + c**2 + 13*c + 10 + 20 + 4*c**2. Let l be q(-5). What is the highest common divisor of 58 and l?
29
Let f = -42 - -45. Let z(c) = 2*c**2 - 4*c + 2. Let h be z(3). Suppose -f + h = 5*t. What is the highest common divisor of t and 8?
1
Let x(z) = 1 + 4 + 6*z - 9*z + 6*z. Let b be x(20). Calculate the highest common divisor of b and 13.
13
Suppose -5 = -5*a + 10. Let y be 228/18 - 2/a. Suppose 2*g + 4*j = 12, -4*j - 31 = -g - 7. What is the greatest common divisor of g and y?
12
Suppose -u + 2*u - m + 3 = 0, 25 = 5*u + 5*m. Let a = 10 - u. Let r = 18 + -9. Calculate the greatest common divisor of r and a.
9
Let g = 208 - -96. Calculate the highest common divisor of 57 and g.
19
Let i = 26 - -99. Let o = 1104 + -1079. Calculate the 